3*x = -2*g + g + 5. What are the prime factors of (g/5)/(2/(-25))?
2, 5
Let d be 1*(6 + (3 - 4)). Suppose 70 + d = 5*v. What are the prime factors of v?
3, 5
Let w = -4 - -8. Suppose -w*t + 0*a + 2*a + 92 = 0, -5*a = -10. Suppose 2*c - 36 = 5*q, 5*q - 3*q = -4*c + t. What are the prime factors of c?
2
Suppose 5*p - 4*h - 22 = -3*h, -h = 2*p - 13. Let c(v) = 6*v**3 + 6 + 0 - p*v**3 - 2 + v + v**2. List the prime factors of c(0).
2
Let v(x) = -5*x**3 + x**2 - x. Let l be v(1). Let k = l - -18. Let g = k - 8. List the prime factors of g.
5
Suppose 2*y = 3*y - 4*v - 11, 3*v = 2*y - 12. List the prime factors of y.
3
Suppose -4 = -2*z + 2. Let u(m) be the first derivative of m**4/4 - 4*m**3/3 + 3*m**2/2 + 3*m - 2. What are the prime factors of u(z)?
3
Suppose -96 = -2*c - 5*d, -5*c + 257 = d - 6. List the prime factors of c.
53
What are the prime factors of -2*(-14*1 + -3)?
2, 17
Let d(k) = k**3 - 6*k**2 + k. Let w be d(6). Let g = w - 0. What are the prime factors of g?
2, 3
Suppose 4*v - 16 = -d - 7, 4*v + 5*d - 13 = 0. What are the prime factors of 7 + -8 - (-14 + v)?
11
Suppose 6*q - 40 = 2*q. Suppose -7 = 2*p + c, -5*p = -0*p + 5*c + 20. What are the prime factors of q + p + (2 - 1)?
2
Suppose u + u = 6, 5*o - 4*u - 83 = 0. Suppose 4*z = 3*t - o - 13, 0 = 4*z + 20. List the prime factors of t.
2
Let n(s) = -s**3 + 5*s**2 + 9*s - 6. Let x = 0 + 6. Let q be n(x). What are the prime factors of q/(2 - -1) - -3?
7
Let f be (45/12)/((-3)/12). Let m = 38 + f. What are the prime factors of m?
23
Let k(b) = b**2 - 4*b + 2. Suppose -o + 5 = -0*o. List the prime factors of k(o).
7
Suppose 4*g = g + 363. What are the prime factors of g?
11
Suppose d = -d + 94. List the prime factors of d.
47
Let l(r) = -4*r**2 - 6*r + 4. Let x be l(-5). List the prime factors of (x/12)/((-2)/4).
11
Let q = 0 - -1. Let f be q*(2 + (-1 - -1)). Suppose 4*m - 6*b + f*b = 36, -2*m + 3*b + 20 = 0. List the prime factors of m.
7
Let f = 125 + -56. Suppose -k = 5*h - f, h + 4 = 4*k + 22. What are the prime factors of h?
2, 7
Suppose 4*l + 3*v - 65 - 13 = 0, 0 = 4*l - 4*v - 64. Suppose -l = -2*b - 6. What are the prime factors of b?
2, 3
Suppose -1252 = 27*c - 31*c. List the prime factors of c.
313
Suppose 5*s + 6 - 1 = 0, -3*r - 5*s = -31. Suppose -n = 2*n - r. Let l(x) = 2*x - 5. What are the prime factors of l(n)?
3
Suppose -3*l = 3*l - 618. What are the prime factors of l?
103
Suppose -2*w + 0*h - 5*h = -10, 4*h - 8 = 0. Suppose -5*n + 4*v = -93, w = -3*n + 7*n - 2*v - 72. Suppose -2*p + n = -5. List the prime factors of p.
11
Let m(j) = j**3 + 5*j**2 - 2*j - 6. What are the prime factors of m(-5)?
2
Suppose 4*n - 37 = 2*q + 73, -135 = -5*n + 2*q. What are the prime factors of n?
5
Let d be 33 + (2 - 1/1). Suppose -3*a = -l - d, 4*a + 6*l - 54 = 3*l. List the prime factors of a.
2, 3
Suppose -4*p + 10 = -14. Suppose -c - 65 = -p*c. List the prime factors of c.
13
Let i(t) = -t**3 + 11*t**2 - 14*t + 13. Let w be i(9). Let a = w + -35. List the prime factors of a.
2, 7
Suppose 5 = 3*d - 121. What are the prime factors of d?
2, 3, 7
Suppose -2*q + z - 198 = -3*q, -2*q - 4*z + 386 = 0. List the prime factors of q.
7, 29
Let g = 29 - -8. What are the prime factors of g?
37
Suppose 0*o = 4*o - 52. Suppose 2*y + 3 = o. What are the prime factors of y?
5
Suppose -1 = -4*r + 15. Suppose r*y - 5 = 7. What are the prime factors of y?
3
Suppose -3*y = -90 + 15. Let u = -15 + y. List the prime factors of u.
2, 5
Suppose -4*y - y = -2*x + 312, 3*y + 155 = x. What are the prime factors of x?
7, 23
Suppose 3*b - 9 = -u + 4*u, -u - 23 = 4*b. Let q = u + 7. Suppose -2*m = 4*g - 4*m - 56, q = -5*g + 4*m + 76. List the prime factors of g.
2, 3
Let n(p) = 2*p - p - 4*p**2 + 0*p + p**3 - 2 + 0*p. Let z = 3 + 1. List the prime factors of n(z).
2
Let r(t) = -2*t**3 + 2*t**2 - 4*t - 12. What are the prime factors of r(-4)?
2, 41
Suppose 2*r = -2*r + 272. List the prime factors of r.
2, 17
Suppose -5*l = -z - l + 1, 3*l = -4*z - 34. List the prime factors of (-3)/z - 670/(-70).
2, 5
Let t(b) = -12*b + 6*b - 5 + 1 - b**2. Let h be t(-9). Let q = 49 + h. What are the prime factors of q?
2, 3
Let p = 1 - 1. Suppose p = -4*b + 46 - 6. What are the prime factors of b?
2, 5
Suppose -x = -2*x - 4, -x - 24 = -4*b. What are the prime factors of b?
5
Let m(s) = s**2 - 14*s - 3. Let u be m(14). What are the prime factors of 136/12 + (-2)/u?
2, 3
Suppose 0 = 2*p - 5*v + 4*v - 4, -4*p = -v - 12. Suppose 0 = q - 4*q + 3*b + 21, 0 = -p*q + 3*b + 33. List the prime factors of q.
2, 3
Let v(t) = -t**3 - 3*t**2 + 3*t + 1. Let u be v(-3). Let o(c) = -c - 10. Let m be o(u). Let p(b) = -4*b**3 - 3*b**2 + 2. What are the prime factors of p(m)?
2, 11
Let f(r) = r**3 + 10*r**2 + 8*r - 4. Let a be f(-9). Suppose 0 = z - a*c - 0*c + 12, 0 = 3*z + 4*c - 40. List the prime factors of z.
2
Suppose i - 178 = 5*h, 3*i + 4*h = -2*i + 948. What are the prime factors of i?
2, 47
Let z(q) = q + 2. What are the prime factors of z(14)?
2
Suppose 0 = -a - a. Let q be 8/(-12) - 22/(-6). Suppose q*x + 3*z - 15 = a, -2*x + 8 = 6*z - 2*z. What are the prime factors of x?
2, 3
Suppose 0 = -4*q + 55 - 31. List the prime factors of q.
2, 3
What are the prime factors of (8 - 8) + (2 - -1)?
3
Suppose 0 = z + w - 4*w - 108, 0 = -w. Let y = z + -59. List the prime factors of y.
7
Let d(v) = v**2. Let l be d(1). Let k = -12 - -37. Suppose 37 = 5*x - 2*r - l, r - k = -3*x. What are the prime factors of x?
2
Suppose -5*j - 86 - 29 = 0. Let a be 35/4*(-3 - -7). Let r = j + a. List the prime factors of r.
2, 3
Let d(o) = 10*o**2 - 5*o - 3. What are the prime factors of d(-2)?
47
Let d(o) = -o**3 + 11*o**2 - 11*o + 13. Suppose -5*j = -2*f - 54, 0 = 4*j + j - 3*f - 56. What are the prime factors of d(j)?
3
Suppose 11 = -5*p + 151. List the prime factors of p.
2, 7
Suppose 9*y = 11*y - 16. Let b = y + 11. What are the prime factors of b?
19
Let r(t) = -t**3 + 3. Let d be r(3). Suppose 5*l - 1 = -61. Let f = l - d. What are the prime factors of f?
2, 3
What are the prime factors of (2 - (-17)/(-8)) + (-1569)/(-8)?
2, 7
Suppose -9*u + 414 = -3*u. List the prime factors of u.
3, 23
Suppose -4*x = -4*u - 12, x = -2*x. Let l = 7 - u. What are the prime factors of l?
2, 5
Let v be (-2)/3*18/(-4). Suppose -4*p + 36 = 4*r, 2*r - 17 = 2*p - v*r. List the prime factors of p.
2
Let h = 184 + -121. List the prime factors of h.
3, 7
Let b = 35 - -60. What are the prime factors of b?
5, 19
Suppose -h + 5*h = 36. List the prime factors of h.
3
Let b = 37 - 12. Let y = 6 - 4. Suppose 5*q = -5*g + b, -4*g + 24 = 5*q - y*q. List the prime factors of g.
3
Suppose 5*o + 2*w - 68 = 0, o + 4*w - 24 = -o. What are the prime factors of o?
2, 7
Let k be (-2)/3 - 20/(-12). What are the prime factors of (-4 - k*-2)*-2?
2
Let w be (-3 + 7)*(-6)/(-8). Suppose -5*f + x = -w*x - 83, -3*x - 36 = -2*f. What are the prime factors of f?
3, 5
Let b(r) = 6*r - 11. Let p be b(5). Suppose p = f - 7. List the prime factors of f.
2, 13
Let x(k) = -k**2 + 0*k**2 - 3 - 1 - 8*k. Let d be x(-5). Let y = d + -6. What are the prime factors of y?
5
Suppose 272 = 4*s - 3*i, 98 = 3*s - 3*i - 109. What are the prime factors of s?
5, 13
Suppose v - 5*u + 12 = -0*v, 2*v + 4*u = 4. Let o(n) = 11 - 4*n - 13 - n. What are the prime factors of o(v)?
2
Let l(d) = -4 + 9*d - 2*d**2 + 3*d**2 + 3 - 6*d. Suppose 3*o - 5 = 1. List the prime factors of l(o).
3
Let p = 25 + 40. List the prime factors of p.
5, 13
Let n be (2/1)/((-4)/(-2)). Let u = 2 + n. List the prime factors of u.
3
Let z(w) = w + 6. Let q be z(-6). Suppose -4*x + 8 = -q*x. Suppose x*a = -4, -s + 2*a = s - 18. List the prime factors of s.
7
Let y(f) = f**3 - 6*f**2 - 6*f - 4. Let r be y(7). Suppose -r*j + j = -48. List the prime factors of j.
2, 3
Suppose -b + 8 - 2 = 0. Suppose -f = -b*f + 35. What are the prime factors of f?
7
Let x(p) = -92*p**3 + p**2 - p - 1. List the prime factors of x(-1).
3, 31
Let f = 2 + -11. Let u = f + 12. List the prime factors of u.
3
Let s(c) = -24*c. Let t be s(-1). Suppose 3*w = -4*i + 28, i - 3*i + w = -t. Let k = 19 - i. What are the prime factors of k?
3
Let t = -2 - 1. Let k(g) = -2*g + 2. List the prime factors of k(t).
2
What are the prime factors of 1586/9 - ((-21)/27 + 1)?
2, 11
Let t be (-88)/32 - 6/(-8). 